What are the prime factors of 5093400374?
2, 1291, 1972657
List the prime factors of 15639372.
2, 3, 7, 137, 151
List the prime factors of 91866495.
3, 5, 7, 874919
What are the prime factors of 4060589642?
2, 37, 54872833
List the prime factors of 1050291334.
2, 7487, 70141
List the prime factors of 5680339.
7, 883, 919
What are the prime factors of 61941121?
11, 19, 296369
What are the prime factors of 1339085160?
2, 3, 5, 7, 531383
What are the prime factors of 123990843?
3, 17, 929, 2617
List the prime factors of 8368985000.
2, 5, 1673797
What are the prime factors of 2253317760?
2, 3, 5, 37, 97, 109
List the prime factors of 2134325152.
2, 66697661
What are the prime factors of 34060965?
3, 5, 1187, 1913
What are the prime factors of 1047888208?
2, 65493013
What are the prime factors of 106570845?
3, 5, 23, 102967
List the prime factors of 90892872.
2, 3, 7, 23, 7841
What are the prime factors of 4221147036?
2, 3, 23, 73, 9109
List the prime factors of 7471479687.
3, 7, 19, 1709, 10957
List the prime factors of 4312945414.
2, 24809, 86923
List the prime factors of 2030051956.
2, 223, 2275843
What are the prime factors of 2622350876?
2, 37, 1831, 9677
What are the prime factors of 39318663?
3, 2137, 6133
List the prime factors of 3514597759.
3514597759
List the prime factors of 107163621.
3, 31, 128033
What are the prime factors of 439832279?
17, 139, 10949
List the prime factors of 8509739.
7, 19, 109, 587
What are the prime factors of 16485483?
3, 7, 19, 79, 523
What are the prime factors of 60595705?
5, 107, 191, 593
List the prime factors of 64524631.
937, 68863
List the prime factors of 346701042.
2, 3, 19261169
What are the prime factors of 112601642?
2, 17, 3311813
List the prime factors of 265181.
7, 43, 881
List the prime factors of 132379756.
2, 1051, 31489
What are the prime factors of 473366607?
3, 7, 41, 78541
What are the prime factors of 252340487?
7, 73, 493817
What are the prime factors of 2897750603?
11, 59, 67, 103, 647
List the prime factors of 1052204680.
2, 5, 29, 907073
List the prime factors of 47908419.
3, 13, 433, 2837
What are the prime factors of 149579697?
3, 49859899
List the prime factors of 79206875.
5, 11, 41, 281
What are the prime factors of 79360263?
3, 2939269
List the prime factors of 33296262.
2, 3, 5549377
What are the prime factors of 87227978?
2, 43613989
List the prime factors of 48128125.
5, 15401
List the prime factors of 80792468.
2, 23, 41, 21419
What are the prime factors of 1430140528?
2, 89383783
List the prime factors of 2733954395.
5, 397, 733, 1879
What are the prime factors of 1493253446?
2, 17, 31, 1416749
List the prime factors of 52023502.
2, 17, 1530103
List the prime factors of 1942427.
19, 102233
What are the prime factors of 278389107?
3, 5501, 5623
List the prime factors of 105317371.
105317371
What are the prime factors of 26844128?
2, 23, 36473
List the prime factors of 500319890.
2, 5, 7, 29, 137, 257
List the prime factors of 210752695.
5, 317, 132967
List the prime factors of 70796522.
2, 2341, 15121
List the prime factors of 29173206.
2, 3, 1153, 4217
What are the prime factors of 1012537860?
2, 3, 5, 173, 97547
What are the prime factors of 317996976?
2, 3, 11, 602267
List the prime factors of 50136676.
2, 241, 52009
What are the prime factors of 2029019493?
3, 107, 251, 25183
List the prime factors of 2374289385.
3, 5, 13, 67, 181729
What are the prime factors of 1924859609?
191, 2243, 4493
What are the prime factors of 34546807?
19, 193, 9421
List the prime factors of 2912613360.
2, 3, 5, 19, 37, 61, 283
What are the prime factors of 1381322085?
3, 5, 11, 13, 58543
What are the prime factors of 131086034?
2, 65543017
What are the prime factors of 3425362596?
2, 3, 1579, 60259
What are the prime factors of 59679266?
2, 19, 251, 6257
List the prime factors of 26645726.
2, 157, 84859
List the prime factors of 8877001.
7, 1268143
What are the prime factors of 464717706?
2, 3, 37, 2093323
What are the prime factors of 1511876511?
3, 1747, 96157
List the prime factors of 2963141627.
41, 137, 563, 937
List the prime factors of 32681327.
7, 17, 67, 4099
What are the prime factors of 214886936?
2, 11, 17, 379
What are the prime factors of 109848968?
2, 17, 541, 1493
List the prime factors of 411899775.
3, 5, 7, 47, 16693
List the prime factors of 95784540.
2, 3, 5, 67, 23827
What are the prime factors of 3094752076?
2, 13, 37, 223, 7213
What are the prime factors of 2383605636?
2, 3, 73, 659, 4129
What are the prime factors of 32322741?
3, 11, 61, 16057
List the prime factors of 68419788.
2, 3, 5701649
List the prime factors of 179270483.
7, 43, 491, 1213
What are the prime factors of 34508363?
31, 1113173
What are the prime factors of 40981510?
2, 5, 373, 10987
What are the prime factors of 3926397362?
2, 1963198681
What are the prime factors of 5018712606?
2, 3, 278817367
List the prime factors of 4595974050.
2, 3, 5, 30639827
What are the prime factors of 22927070?
2, 5, 47, 48781
List the prime factors of 478264774.
2, 13, 17, 1082047
What are the prime factors of 9669786?
2, 3, 7, 230233
What are the prime factors of 15160017?
3, 181, 27919
List the prime factors of 1862232184.
2, 1723, 135101
List the prime factors of 6293498661.
3, 233092543
What are the prime factors of 2177154209?
2177154209
What are the prime factors of 3223930799?
53, 60828883
List the prime factors of 383833707.
3, 127944569
What are the prime factors of 779031967?
7, 2621, 42461
What are the prime factors of 40769608?
2, 11, 463291
List the prime factors of 812615278.
2, 443, 917173
List the prime factors of 1283371203.
3, 53, 8071517
List the prime factors of 49476406.
2, 7, 127, 27827
List the prime factors of 78791267.
78791267
List the prime factors of 91974358.
2, 7, 1039, 6323
What are the prime factors of 1221406504?
2, 233, 655261
List the prime factors of 37659150.
2, 3, 5, 53, 1579
List the prime factors of 705379722.
2, 3, 61, 311, 6197
List the prime factors of 28278431.
23, 211, 5827
List the prime factors of 14153419.
7, 607, 3331
What are the prime factors of 426854442?
2, 3, 7, 10163201
List the prime factors of 8047281898.
2, 11161, 360509
List the prime factors of 890239649.
13, 401, 170773
List the prime factors of 2596844495.
5, 7, 74195557
List the prime factors of 83055012.
2, 3, 41, 223, 757
List the prime factors of 357253300.
2, 5, 17, 31, 6779
List the prime factors of 2955326660.
2, 5, 11, 13, 101, 787
List the prime factors of 47936053.
11, 37, 117779
List the prime factors of 855739499.
19, 71, 151, 4201
What are the prime factors of 186675819?
3, 11, 73, 77491
List the prime factors of 79893952.
2, 37, 33739
List the prime factors of 2514974613.
3, 838324871
List the prime factors of 37667863.
37667863
What are the prime factors of 1728365161?
1728365161
What are the prime factors of 121123098?
2, 3, 6729061
List the prime factors of 43367130.
2, 3, 5, 160619
What are the prime factors of 2679642075?
3, 5, 11, 149, 21799
What are the prime factors of 176824507?
19, 9306553
What are the prime factors of 18714064?
2, 367, 3187
What are the prime factors of 196715587?
12907, 15241
List the prime factors of 48469361.
19, 47, 54277
List the prime factors of 2029853796.
2, 3, 797, 212239
List the prime factors of 5780074.
2, 31, 53, 1759
What are the prime factors of 326749508?
2, 353, 231409
List the prime factors of 29330403.
3, 179, 193, 283
What are the prime factors of 1301547961?
7, 185935423
List the prime factors of 3934336692.
2, 3, 11, 13, 2292737
What are the prime factors of 618259589?
107, 2371, 2437
What are the prime factors of 3417632927?
17, 631, 318601
List the prime factors of 733750892.
2, 7, 19, 197033
List the prime factors of 115151274.
2, 3, 7, 6217
List the prime factors of 67278619.
2087, 32237
What are the prime factors of 103124030?
2, 5, 101, 102103
List the prime factors of 45181488.
2, 3, 11, 85571
List the prime factors of 23562084.
2, 3, 7, 13, 21577
List the prime factors of 571477033.
31, 419, 43997
What are the prime factors of 16185268?
2, 11, 73, 5039
What are the prime factors of 4907306770?
2, 5, 490730677
List the prime factors of 3681412765.
5, 4673, 157561
What are the prime factors of 45819451?
45819451
What are the prime facto